or of 42992?
False
Does 7 divide 1540?
True
Is 51 a factor of 67?
False
Does 42 divide 1612?
False
Does 13 divide 303?
False
Does 9 divide 20304?
True
Is 4904 a multiple of 8?
True
Is 6314 a multiple of 82?
True
Does 47 divide 6486?
True
Is 26802 a multiple of 18?
True
Is 2132 a multiple of 13?
True
Is 56 a factor of 14896?
True
Does 71 divide 1947?
False
Is 1002 a multiple of 7?
False
Is 74 a factor of 1332?
True
Is 6 a factor of 36?
True
Is 4854 a multiple of 70?
False
Is 12339 a multiple of 27?
True
Is 1064 a multiple of 28?
True
Is 56 a factor of 672?
True
Is 21 a factor of 929?
False
Is 586 a multiple of 40?
False
Is 28 a factor of 1399?
False
Is 11 a factor of 76?
False
Does 18 divide 2072?
False
Is 3 a factor of 25?
False
Is 1034 a multiple of 41?
False
Is 5347 a multiple of 6?
False
Does 24 divide 17808?
True
Is 747 a multiple of 32?
False
Does 3 divide 119?
False
Is 21 a factor of 9073?
False
Is 3120 a multiple of 48?
True
Is 38 a factor of 13262?
True
Is 28700 a multiple of 35?
True
Is 43 a factor of 9206?
False
Is 36 a factor of 24264?
True
Is 1116 a multiple of 36?
True
Does 18 divide 191?
False
Is 12 a factor of 3852?
True
Is 16 a factor of 470?
False
Is 1528 a multiple of 13?
False
Does 20 divide 17560?
True
Is 6 a factor of 5678?
False
Does 16 divide 5079?
False
Does 197 divide 91311?
False
Does 24 divide 7824?
True
Does 36 divide 1730?
False
Is 197 a factor of 5516?
True
Is 5429 a multiple of 34?
False
Does 9 divide 7347?
False
Is 63 a factor of 4158?
True
Is 31851 a multiple of 5?
False
Does 86 divide 91590?
True
Is 399 a multiple of 21?
True
Is 28 a factor of 8288?
True
Is 109 a factor of 1175?
False
Is 7 a factor of 1937?
False
Does 32 divide 320?
True
Is 12336 a multiple of 20?
False
Is 7208 a multiple of 60?
False
Does 7 divide 10739?
False
Is 13 a factor of 211?
False
Does 52 divide 2808?
True
Is 342 a multiple of 18?
True
Does 3 divide 514?
False
Is 170 a factor of 28551?
False
Does 7 divide 3309?
False
Is 3229 a multiple of 102?
False
Does 24 divide 239?
False
Is 755 a multiple of 30?
False
Does 17 divide 5199?
False
Does 76 divide 532?
True
Is 12532 a multiple of 26?
True
Is 52 a factor of 8118?
False
Is 127 a multiple of 9?
False
Is 11 a factor of 35999?
False
Is 306 a multiple of 35?
False
Does 16 divide 95213?
False
Does 194 divide 10552?
False
Is 26976 a multiple of 41?
False
Does 14 divide 323?
False
Does 5 divide 50?
True
Does 69 divide 10143?
True
Is 14 a factor of 4718?
True
Does 163 divide 17767?
True
Does 47 divide 1291?
False
Is 2099 a multiple of 5?
False
Does 14 divide 19120?
False
Is 55 a factor of 24915?
True
Is 11264 a multiple of 8?
True
Is 17 a factor of 4764?
False
Is 5 a factor of 3635?
True
Is 557 a multiple of 28?
False
Is 2691 a multiple of 9?
True
Does 45 divide 2891?
False
Does 19 divide 6017?
False
Is 49872 a multiple of 5?
False
Is 88 a factor of 2986?
False
Is 1140 a multiple of 7?
False
Is 17 a factor of 4029?
True
Is 39 a factor of 691?
False
Is 4 a factor of 4859?
False
Is 12 a factor of 4608?
True
Is 873 a multiple of 27?
False
Is 855 a multiple of 15?
True
Is 1043 a multiple of 11?
False
Is 25427 a multiple of 36?
False
Is 10 a factor of 1310?
True
Is 106 a factor of 40068?
True
Does 7 divide 63238?
True
Does 24 divide 7944?
True
Is 32 a factor of 229?
False
Is 36 a factor of 5040?
True
Is 1181 a multiple of 19?
False
Does 3 divide 114?
True
Is 1388 a multiple of 38?
False
Is 67 a factor of 2601?
False
Does 8 divide 168?
True
Is 1224 a multiple of 24?
True
Does 14 divide 14366?
False
Is 12 a factor of 386?
False
Is 952 a multiple of 56?
True
Is 5 a factor of 630?
True
Does 15 divide 1469?
False
Is 1855 a multiple of 25?
False
Is 7994 a multiple of 117?
False
Does 46 divide 828?
True
Does 5 divide 3935?
True
Is 13947 a multiple of 3?
True
Does 13 divide 11631?
False
Is 45697 a multiple of 22?
False
Is 711 a multiple of 51?
False
Is 24 a factor of 960?
True
Is 55 a factor of 14575?
True
Is 7 a factor of 728?
True
Is 7 a factor of 28106?
False
Is 15 a factor of 8895?
True
Is 12 a factor of 35484?
True
Does 46 divide 8006?
False
Is 51 a factor of 1239?
False
Is 56 a multiple of 8?
True
Is 340 a multiple of 20?
True
Does 25 divide 1225?
True
Is 94 a factor of 52450?
False
Is 10 a factor of 904?
False
Does 58 divide 1698?
False
Is 192 a multiple of 8?
True
Is 609 a multiple of 29?
True
Does 10 divide 1960?
True
Is 691 a multiple of 8?
False
Is 2736 a multiple of 10?
False
Is 1710 a multiple of 90?
True
Does 59 divide 39870?
False
Does 4 divide 5477?
False
Is 59 a factor of 36577?
False
Is 96 a factor of 5568?
True
Is 4138 a multiple of 38?
False
Is 1254 a multiple of 41?
False
Does 36 divide 9612?
True
Is 863 a multiple of 32?
False
Does 8 divide 8?
True
Is 138 a multiple of 3?
True
Is 9 a factor of 1620?
True
Is 3 a factor of 50?
False
Does 47 divide 1149?
False
Does 314 divide 47728?
True
Is 53915 a multiple of 41?
True
Is 31641 a multiple of 23?
False
Does 60 divide 1380?
True
Does 11 divide 8349?
True
Is 114 a multiple of 3?
True
Is 56030 a multiple of 13?
True
Does 6 divide 276?
True
Does 13 divide 4798?
False
Is 4 a factor of 119?
False
Is 461 a multiple of 15?
False
Is 12 a factor of 4152?
True
Is 19 a factor of 1512?
False
Is 63 a multiple of 21?
True
Is 1242 a multiple of 105?
False
Is 98 a factor of 335?
False
Is 1867 a multiple of 24?
False
Is 4383 a multiple of 84?
False
Is 45 a factor of 1305?
True
Is 16 a factor of 13847?
False
Is 76 a factor of 40508?
True
Does 104 divide 13936?
True
Is 83 a factor of 8383?
True
Is 28 a factor of 795?
False
Is 4 a factor of 660?
True
Does 35 divide 3570?
True
Is 9 a factor of 5463?
True
Is 824 a multiple of 49?
False
Does 6 divide 9804?
True
Is 24 a factor of 2533?
False
Is 27325 a multiple of 41?
False
Is 3674 a multiple of 82?
False
Is 30583 a multiple of 257?
True
Is 121268 a multiple of 14?
True
Does 18 divide 3983?
False
Is 2924 a multiple of 68?
True
Is 32 a factor of 733?
False
Does 10 divide 9600?
True
Is 13 a multiple of 3?
False
Is 31 a factor of 12709?
False
Does 18 divide 21628?
False
Is 2 a factor of 31?
False
Is 5765 a multiple of 30?
False
Does 15 divide 22785?
True
Is 132 a factor of 5940?
True
Is 68508 a multiple of 12?
True
Is 13 a factor of 5707?
True
Is 12 a factor of 79487?
False
Does 13 divide 79300?
True
Is 7 a factor of 491?
False
Is 48 a factor of 279?
False
Does 13 divide 13984?
False
Is 50 a factor of 3550?
True
Is 11267 a multiple of 31?
False
Is 9 a factor of 2709?
True
Is 12 a factor of 153573?
False
Is 8 a factor of 1436?
False
Does 4 divide 824?
True
Is 909 a multiple of 9?
True
Is 37 a factor of 3404?
True
Is 15037 a multiple of 136?
False
Does 31 divide 28203?
False
Does 81 divide 5022?
True
Is 22227 a multiple of 317?
False
Does 114 divide 5738?
False
Is 6 a factor of 2984?
False
Is 16 a factor of 2336?
True
Does 16 divide 96?
True
Does 42 divide 1596?
True
Is 18 a factor of 1148?
False
Is 179 a multiple of 31?
False
Is 4416 a multiple of 69?
True
Is 63 a factor of 1071?
True
Does 5 divide 38540?
True
Is 74912 a multiple of 16?
True
Does 57 divide 6046?
False
Does 3 divide 96?
True
Does 32 divide 3520?
True
Is 3 a factor of 203?
False
Is 49 a factor of 1568?
True
Does 41 divide 6519?
True
Is 167 a factor of 1443?
False
Does 11 divide 809?
False
Is 896 a multiple of 112?
True
Is 6 a factor of 714?
True
Is 3839 a multiple of 4?
False
Does 5 divide 95?
True
Is 1248 a multiple of 26?
True
Is 72 a factor of 1256?
False
Is 142 a factor of 7526?
True
Is 99 a factor of 39600?
True
Is 37 a factor of 3972?
False
Is 27 a factor of 807?
False
Does 7 divide 59?
False
Is 30186 a multiple of 9?
True
Is 2171 a multiple of 13?
True
Is 2160 a multiple of 5?
True
Is 192 a multiple of 16?
True
Does 86 divide 5536?
False
Does 64 divide 2683?
False
Does 283 divide 28336?
False
Is 13 a factor of 371?
False
Is 10 a factor of 1810?
True
Does 5 divide 902?
False
Does 13 divide 4576?
True
Is 1414 a multiple of 14?
True
Is 4707 a multiple of 125?
False
Is 4655 a multiple of 95?
True
Is 20 a factor of 16400?
True
Is 3034 a multiple of 74?
True
Is 1533 a multiple of 78?
False
Does 10 divide 1490?
True
Does 43 divide 2236?
True
Does 40 divide 153?
False
Is 3500 a multiple of 14?
True
Does 20 divide 280?
True
Does 10 divide 1970?
True
D